13
Let j(v) = 5*v**3 + v**2 - 2*v - 7. Let y(b) = -4*b**3 - b**2 + 2*b + 6. Let p(w) = -3*j(w) - 4*y(w). Determine p(-2).
-3
Let l(g) = -g - 7. Suppose -3*x + 21 = -4*d - 0, 0 = 3*x + 2*d - 3. Suppose m + 30 = 5*v, 4*m + 7 = x*v - 11. Determine l(v).
-13
Let h = -3 - -6. Suppose -h*s = -63 - 21. Let r be (-2)/10 - s/10. Let b(y) = -y**2 - 3*y. Give b(r).
0
Let b(z) = -5*z + 2. Suppose -9*p = -14 + 41. Give b(p).
17
Let k(v) = -v**2 + 4*v + 7. Let d be (-292)/(-20) - (-2)/5. Suppose 3*p - p - d = -5*j, 4*j - 30 = 2*p. Give k(j).
2
Let n(b) = -3*b - 8. Suppose -7*g = -5*g - 24. Suppose 0 = -p + 6 - g. What is n(p)?
10
Let p(t) = t**2 + t. Let g be -23 + 16 + (2 - -3). Give p(g).
2
Let o = 24 + -19. Let s(c) = 5*c**2 + 3 + c**2 - c**3 - c**2. Determine s(o).
3
Let y(j) = j**3 - 4*j**2 + 2. Let q = 8 - 6. Let n be (q + -3 + 5)/(-1). Let d be (-21)/(-9) - n/6. Determine y(d).
-7
Let m(n) = -n**2 - n + 1. Let k(h) = h**2. Let i be k(0). Let r be m(i). Let p(z) = 0*z**2 + z**2 + 2*z + 9 - 3*z - 8. Calculate p(r).
1
Let r(v) = -32*v - 17. Let m(x) = 11*x + 6. Let k(j) = -17*m(j) - 6*r(j). Give k(2).
10
Let u(h) = -4*h**3 - 2*h - 1. Let f be u(-1). Let n(t) = t - 1. Determine n(f).
4
Let t be 10/(-4) - 3/6. Let g = -4 - t. Let q be ((-2)/(-6))/(g/(-6)). Let b(h) = 2*h**3 - 2*h**2 - 2*h + 1. Give b(q).
5
Let t(p) = -2*p**2 + 7*p - 4. Let g be t(4). Let j = g + 6. Let y(h) be the second derivative of -2*h**3/3 - h**2 - 2*h. Give y(j).
6
Let t be 4/(-6) - 1/3. Suppose 0 = -2*f + 6 - 0. Let r = f - t. Let c(y) = y + 1. Calculate c(r).
5
Suppose 0 = -2*u - 5 + 11. Let z(j) be the third derivative of -1/24*j**4 + 0*j + 1/60*j**5 + 0 + 1/3*j**u + 2*j**2. Calculate z(3).
8
Let c be -2 + 1 + -3 + 1. Let z be (-2)/6 + (-19)/c. Let o(d) = -z + 6 + d. Determine o(-2).
-2
Let q = -5 + 3. Let f = -4 - q. Let m(y) = -y**3 - y - y**2 - 218 + 216 + 0*y. Determine m(f).
4
Let l(h) = -h - 3*h + 2 + h. Let f be -1 - 0 - 0 - -1. Suppose -5*m - 1 + 16 = f. Determine l(m).
-7
Suppose 0 = 5*p + 3*w - 0*w - 16, 2*p - 4*w - 22 = 0. Let o be ((-4)/10)/((-2)/90). Let v(y) = -2*y + 4*y - 5 - 13*y**2 - y**3 + o*y**2. What is v(p)?
5
Let g = 5 - 8. Let c = 8 - 6. Let f(k) = 3*k**2 - 2*k**2 - 2 + 0*k**2 - c*k**2 - 5*k. Determine f(g).
4
Let f(q) = q - 12. Let h = 43 + -37. Calculate f(h).
-6
Let i(t) be the first derivative of t**4/2 - 2*t**3/3 - t + 15. What is i(2)?
7
Let m(i) be the third derivative of 13*i**5/60 - i**4/24 - i**3/6 + 18*i**2. Determine m(-1).
13
Let n(b) = 7*b**2 - 2*b - 5. Let o(l) = 7*l**2 - 2*l - 4. Let z(h) = 3*n(h) - 4*o(h). Give z(-1).
-8
Let v(w) = -76 - 82 + 166 + w. Give v(-6).
2
Let q(v) = 4*v**3 - 4*v**2 - v + 3. Let u(d) = -7*d**3 + 7*d**2 + 2*d - 5. Let m(j) = 5*q(j) + 3*u(j). Determine m(-1).
1
Let z be 25/10 - (-1)/(-2). Let u = z + -7. Let v(o) = -o - 2. Calculate v(u).
3
Let w(n) be the second derivative of -n**3/3 - n**2/2 + 2*n. Suppose -20 = 5*i - 0*i. Let x be i/2*2 + 3. Give w(x).
1
Let o = -21 - -17. Let p(b) = b. Calculate p(o).
-4
Let c(l) = -11 + 6 + 2*l + 2*l. Give c(4).
11
Let h(b) = -b - 1. Suppose 4*w - 3*p = 22, -2*w + 4*p = p - 14. Determine h(w).
-5
Let g be 2/(-4)*0 - -4. Suppose -g*o = 20, -8*o = -2*l - 5*o + 15. Let c(a) be the third derivative of -a**5/60 + a**4/24 - 3*a**3/2 - 4*a**2. Determine c(l).
-9
Let j = 2 + -1. Let i = 14 + -6. Let k(g) = i*g - 4*g + 5*g - 1. What is k(j)?
8
Let u(s) = -s**2 + 4*s + 6. Let a be u(5). Let w(z) = -z**3 - 5*z**2 - 6*z - 6. Let f be w(-4). Let g(t) = -2*t + 8 + 6*t**3 - 5 + 0 - f. Calculate g(a).
5
Let d(i) = 10 - i + 5*i - 4*i - i**2. Calculate d(0).
10
Let t(w) be the first derivative of w**4/6 + w**2/2 - 3*w - 3. Let x(m) be the first derivative of t(m). Calculate x(1).
3
Let h(j) = 5*j**3 + 2*j**2 + 2*j + 1. Let z be h(-1). Let d(r) = r**2 + 5*r + 6. What is d(z)?
2
Let q(l) = 3*l - 2. Let z(d) = -2*d - 11*d + 8 + 3 - 3. Let m(f) = 9*q(f) + 2*z(f). Give m(0).
-2
Let x(j) = j**3 + 11. Suppose 8 = 3*f - 4*f. Let b = 8 + f. Calculate x(b).
11
Let q(z) = z**2 - 5*z + 3. Let o be q(5). Let r(a) = -2*a. What is r(o)?
-6
Let b(d) = d**2 + 5*d + 3. Let q(g) = -g + 12. Let c be q(5). Let z = 10 - c. Suppose -z*s = -2*a + 6*a, 11 = -5*a - s. Determine b(a).
-3
Let f(a) = a - 5. Let j(n) = -4*n + 20. Let m be j(4). Calculate f(m).
-1
Let o(c) = -c**3 + c**2 - c - 6. Suppose 3*i = 6*i. What is o(i)?
-6
Suppose q + 2 + 2 = 0. Let a(l) be the first derivative of -l**6/120 - l**5/12 - l**4/12 + l**2 + 2. Let k(c) be the second derivative of a(c). Calculate k(q).
-8
Let q(v) = 2*v + 1. Let y be 3 - -1 - 1*3. Suppose 2*t + y = -3. Calculate q(t).
-3
Suppose 0 = j + 33 - 29. Let w(f) = f + 5. What is w(j)?
1
Let k(q) = 13*q + 9. Let l(b) = b**2 + 6*b - 2. Let h be l(-6). Let p(d) = -3*d - 2. Let x(a) = h*k(a) - 9*p(a). Determine x(3).
3
Let g = 12 + -10. Let b(s) = -s**2 - 3 - 3*s**2 + 5*s + s**3 - g*s**2 - 2. Calculate b(5).
-5
Let s(x) be the first derivative of -x**3/3 - 2*x**2 - 3*x + 2. Let f be s(-3). Let d(t) = -t**2 + t - 3. What is d(f)?
-3
Let q(o) = o**3 - o + 4. Let w(b) = b**3 + 6*b**2 + 6*b + 5. Let m be w(-5). Give q(m).
4
Let z(y) = -9*y**2 - 7*y + 5. Let g(w) = w**2 + w. Let u(b) = -2*b**2 - b + 3. Let i(s) = 3*g(s) - u(s). Let d(v) = -5*i(v) - 3*z(v). Determine d(-2).
6
Let o(l) = 2*l. Let h(z) = 2*z**3 + z + 2. Let g be h(-1). Calculate o(g).
-2
Suppose 0 = -0*z + 2*z - 4. Suppose 3*o = -z*b - 5 - 11, o = -b - 6. Let t(j) = -2*j - 6. What is t(o)?
2
Let m = -1 + 1. Let z(b) = 4*b**3 - b**2 - 3*b**3 - 7 - b - 2. Determine z(m).
-9
Let i = 9 + -13. Let s(p) = -p - 1. Let k(b) = -5*b - 5. Let y(u) = -4*k(u) + 22*s(u). Give y(i).
6
Let r(h) = h + 6. Let z = 0 + 3. Suppose 0*y = -z*y - 15. Give r(y).
1
Suppose -4*b + 25 + 19 = 0. Suppose -2*z - 7 = b. Let j(c) = c + 8. Calculate j(z).
-1
Suppose 15 = -2*z + 65. Suppose 0 = -2*i - 3*i - z. Let n(x) = -2*x + 2 - 8 + 0. What is n(i)?
4
Let v be (-1)/(-3) + 5/3. Let b be (-96)/10 + (-4)/10. Let j be 2/(2/b*v). Let o(m) = m + 1. What is o(j)?
-4
Let t(v) = -2*v**2 + 5*v + 1. Let k(l) = l**2 - 4*l. Let h(r) = -3*k(r) - 2*t(r). Suppose -y - 3*y + 26 = -5*n, 2*y = -2*n + 4. Let a = 4 + n. What is h(a)?
6
Suppose 0 = -3*j - 3*g + 12, j + 1 - 5 = -2*g. Let x(l) = 2 - 2*l + l**2 + 3 - 3*l. Determine x(j).
1
Let x(a) = -2*a**2 + 2*a - 1. Suppose 40 = -2*u - 3*u. Let q = -6 - u. Let m be (5/(-2) + q)*-2. Determine x(m).
-1
Let r(z) = -3*z + 10. Let i(q) = -q + 1. Let k(t) = 5*i(t) - r(t). Give k(-5).
5
Let n = 8 + 3. Let o(z) = z - 4. Let c be o(n). Let v(w) = 2 + 1 - 2 + c*w - w. Give v(-1).
-5
Suppose 3*q - 2*g = -3*g - 4, -g - 4 = q. Let k(s) be the first derivative of -s**3/3 - s**2/2 - 11*s + 1. Determine k(q).
-11
Let g(l) be the first derivative of l**4/4 + l**3/3 + l**2/2 + 2*l + 9. Calculate g(-2).
-4
Suppose 2*o - 5*o = 6. Let x(z) = -2*z + z - z. What is x(o)?
4
Let d(j) = -j + 4. Let w(c) = c - 2. Let h be w(6). Let y = 7 - 6. Let b = y - h. Give d(b).
7
Let i(j) = -3*j - 3. Let n be (-65)/(-15) + 4/6. Let m = 3 - n. Let p be i(m). Let v(g) = g**2 - g - 4. Calculate v(p).
2
Let m(z) = z**2 + z - 2. Let r be (20/(-4))/((-1)/1). Suppose x - r*w + 12 = -0*x, 4*x = 3*w + 3. Suppose -x*l = -s + 2*s + 4, 5*l - 4 = s. What is m(l)?
-2
Let b(d) = -6*d + 2. Let l(g) = 9*g - 3. Let q(w) = -8*b(w) - 5*l(w). Suppose 4 = 4*f + 2*j, 5*j + 2 = -f - 3*f. Suppose f*u + 1 = -3. Determine q(u).
-7
Let a(v) = -v - 2. Let q be -4*(-1 - (-2)/(-4)). What is a(q)?
-8
Let m(i) be the second derivative of -i**3/6 + i**2/2 - i. Calculate m(-5).
6
Let q(n) be the first derivative of n**3/3 + n**2/2 - 2*n + 2. Let f be q(-3). Let j(u) = -f - u**2 + u**3 + 5 - 9*u + 8*u - 3*u**3. Calculate j(1).
-3
Let s(z) = z + z + 3*z. Determine s(-2).
-10
Let m(x) be the third derivative of -x**6/120 - x**5/15 - x**3/6 + 6*x**2. Calculate m(-3).
-10
Suppose 0 = -5*x + x - 8. Let i = x - -4. Suppose -i*l = z - 0*l, 4*z = -5*l + 6. Let j(m) = -m**3 + 5*m**2 - 4*m + 1. Determine j(z).
1
Let p(r) be the third derivative of r**5/60 - r**4/4 - 5*r**3/6 - 13*r**2. Determine p(6).
-5
Let b(j) = 7*j + 1. Let p(u) = u**3 - 6*u**2 + u - 2. Let z be p(6). Let t be (z/4)/(2/8). Let d be (-4)/(-6)*(-6)/t. What is b(d)?
-6
Let u(v) = v**3 + 10*v**2 + v - 11*v**2 - 7*v**2 + 6. What is u(8)?
14